71. What is the hundreds digit of x?
3
Let c(y) = 24*y**2 - 18*y**2 - 2*y**3 - 11*y + 3*y**3 - 7. Let r be c(-7). Let s = r + 50. What is the units digit of s?
1
Suppose -5*s + 3*s + 5*h = 1, -h = 3*s - 7. What is the units digit of 16/12*s*108?
8
Suppose 0 = -3*x + 2*x + 5, -3*i + 4*x - 5 = 0. Suppose i*y + 4*u - 6*u = 35, 2*y - 35 = 5*u. Suppose -y*a + 291 = -84. What is the tens digit of a?
7
Let s = 14746 + 9667. What is the thousands digit of s?
4
Let t be ((-15)/(-30))/((-26)/(-12) - 2). Suppose 5*b - 3340 = -5*c + 2*c, 4*b - 2672 = -t*c. What is the hundreds digit of b?
6
Suppose -70335 = -2*j + 5*p - 0*p, 8*j - 281322 = 2*p. What is the tens digit of j?
6
What is the hundreds digit of ((-162870)/120)/(4/(-5 + -11))?
4
Let x(s) = -s**3 - 4*s**2 - 2*s + 6. Let p be x(-4). Suppose 13*j - 36 = p*j. What is the units digit of (9 - -2)/((-4)/j)?
9
What is the tens digit of (82880/(-30))/(-16)*126?
5
Suppose 13*v - 14*v + 2360 = 0. Suppose 0 = 3*z + 2*f - 1769, -3*z + 7*z + 2*f = v. What is the tens digit of z?
9
Suppose 0 = -196*r + 194*r + 848. Let h = 721 - r. What is the hundreds digit of h?
2
Let f = -96 - -107. Suppose -2847 = -f*w - 2*w. What is the units digit of w?
9
Suppose -3*l - 5*y + 60 = 0, 3*l - 30 = 2*l - 5*y. Suppose l*q - 2484 = 3*q. What is the tens digit of q?
0
Let h be 3/(-12) + 0 + (-682)/(-8). Let d = 85 - h. Suppose 4*w = -d*l + 3*l + 771, -2*w = 2*l - 382. What is the hundreds digit of w?
1
Suppose -4*k + 3*m = -4476, -k + m + m = -1124. Let i = k + -719. What is the tens digit of i?
9
Let j(b) = 16524*b + 78. What is the hundreds digit of j(1)?
6
Suppose -21*k = -18*k - 2*u - 27717, 18 = -3*u. What is the tens digit of k?
3
Let h(p) = -13*p**2 - 5*p - 1. Let w(u) = -7*u**2 - 2*u - 1. Let y(f) = 6*h(f) - 11*w(f). Let v be y(-12). Let l = v - -81. What is the tens digit of l?
3
Suppose 6*w = 3*q + 4*w + 50, 3*w = 3. Let x = -69 + 147. Let y = x + q. What is the tens digit of y?
6
Let s(f) = 2*f**2 - 12*f + 2. Let b be s(4). What is the tens digit of -206*1/4*b?
2
Let r = -5247 - -2001. Let h = 4900 + r. What is the thousands digit of h?
1
Let w(l) = -1662*l + 1840. What is the tens digit of w(-23)?
6
Suppose 18*a + 13911 = 85803. What is the hundreds digit of a?
9
Let x(s) = -8229*s + 5897. What is the thousands digit of x(-6)?
5
Let u(d) = -d**3 + 26*d**2 - 20*d - 18. Let q be u(23). Let f = 2422 - q. What is the units digit of f?
3
Suppose -4384 = -19*k + 328. Let i = k + -146. What is the tens digit of i?
0
Let i = -7 - -22. Let w be -51*((-5)/i - -1). Let c = w + 65. What is the tens digit of c?
3
Suppose -q + 24687 = -4*i, 3*q - 51187 = i + 22907. What is the thousands digit of q?
4
Let t(g) = 709*g**2 + 3*g + 47. What is the thousands digit of t(8)?
5
Let t be 4/5*(-30)/(-12). Let s be 3/(t - 1/2). What is the units digit of s/2 - (-4 + -7 - 1)?
3
Let x(z) = 29*z**2 - 149*z - 2277. What is the thousands digit of x(-16)?
7
Suppose -21*u = -19*u - 4*p - 6958, -3*u + 10461 = -2*p. What is the hundreds digit of u?
4
Let i be (-6)/(-10) - (-110)/25. Suppose i*q + 24 = 6*q. Suppose -m + r = 2*r - q, -65 = -3*m + 4*r. What is the units digit of m?
3
Suppose 2*z - 7562 = 13756. Suppose -15*y + 4716 = -z. What is the units digit of y?
5
Let k = 69 + -66. Suppose 4*i = k*d + 317, -4*d + 148 = 2*i - 38. Suppose 4*f = -4*p + 332, 2*p + 4*f - i = 85. What is the units digit of p?
2
Suppose -21640 = -37*i + 264259. What is the hundreds digit of i?
7
Let m(q) = 255*q**2 - 411*q - 5207. What is the tens digit of m(-13)?
3
Let d be (3/4)/(4/(-64)). What is the tens digit of d/27 + (-7028)/(-18)?
9
Suppose 6658*y = 6722*y - 144256. What is the units digit of y?
4
Let z = 33906 - 16561. What is the thousands digit of z?
7
Let v(k) = -k**3 - 29*k**2 + 26*k - 50. Let i = -30 - -27. Let t be (-1 - (-9)/i) + -26. What is the tens digit of v(t)?
7
Suppose 0 = 4*h + 14*h - 648. Let u(f) = 13*f + 12. Let t be u(6). Let k = t + h. What is the hundreds digit of k?
1
Let h = 136 - 130. Suppose -855 = -h*p - 13*p. What is the tens digit of p?
4
What is the units digit of (-1)/2*(-4452678)/189 - (-36)/(-63)?
9
Suppose -79*y + 75*y = 2*s - 13282, s - 4*y = 6647. What is the units digit of s?
3
Let c = 31 - 27. Suppose 0 = -b - 2*k + 290, b - k + c*k - 291 = 0. Suppose 25*t - b = 22*t. What is the tens digit of t?
9
Suppose -m - 3*m = -2*m. Suppose 11 = 3*o - 2*p, -o - 3*p = -m*p + 11. What is the units digit of (35 - -1) + (o - 4) - 1?
2
Let s be (-980)/(-6) + 0 + 156/234. Suppose s = 3*u - 166. What is the units digit of u?
0
Suppose 0 = -3*q - 8 + 68. Let r = 502 + -490. What is the units digit of 16/r*q*3?
0
What is the tens digit of (-53)/((-318)/24) + 56287 + -1?
9
Let i(q) = 52*q - 253. Let z be i(5). Suppose z*r = 3868 + 5876. What is the units digit of r?
2
Let r = 484 + -248. What is the units digit of (3 - (1 - -1))*(r + 3)?
9
Suppose -6*q + 32 = -4. Let b(h) = -2*h**2 - 2*h - 7. Let v(w) = -5*w**2 - 5*w - 21. Let g(s) = q*v(s) - 17*b(s). What is the tens digit of g(-3)?
1
Let q = 255 - 251. Suppose -4*p = -2*j - 748, p - 181 = q*j - 2*j. What is the tens digit of p?
8
Let n(i) = -22*i**3 - i**2 + 2. Let t be (-1 - (0 - -2)) + 1. Let p be n(t). Suppose 3*c - 69 - p = 0. What is the units digit of c?
1
Let f = -29 - -35. Suppose 965 = -11*w + f*w. Let j = -112 - w. What is the tens digit of j?
8
Let g(v) = -2*v**3 + 2*v**2 - v - 1. Let k(l) = -5*l**3 - l**2 - 16*l - 2. Let u(h) = -g(h) + k(h). What is the units digit of u(-5)?
4
Let k(p) be the second derivative of p**5/10 - 47*p**4/12 + 14*p**3/3 + 16*p**2 + 27*p + 1. What is the hundreds digit of k(23)?
1
Let b be (-6)/27 + (-8)/36*8. Let m be (-1)/(b/40) + 1 + 0. Suppose g - m - 8 = 0. What is the tens digit of g?
2
Suppose 6*f - 660 = 1836. Suppose -f = -11*t + 3*t. Let i = t - 0. What is the units digit of i?
2
Let f(d) = -d**3 - 13*d**2 + 6*d + 12. Let m be f(-12). Let p = m - -84. What is the tens digit of ((-6)/5)/(3/p)?
4
Let m be 4 + (-25)/5 + 1521. Let s = -230 + m. What is the tens digit of s?
9
Let u(y) = -2*y**3 + 1. Let v(a) = a**3 + a**2 - a - 1. Let r(z) = 2*u(z) + 3*v(z). Let o be r(3). What is the units digit of (8/o)/((-20)/1200)?
8
Let x = 21975 + -9792. What is the ten thousands digit of x?
1
Suppose -93*k = -172469 - 54874 - 44868. What is the hundreds digit of k?
9
Let v = 14606 + -5998. What is the thousands digit of v?
8
Let d(n) = -n**3 + 13*n**2 - 13*n + 16. Let c be d(12). Suppose -c*p + 1528 = 5*a, 3*a = 3*p + 16 - 1135. What is the hundreds digit of p?
3
Let w(v) = -v**2 - 15*v + 172. Let j be w(8). Suppose -2*o = -23 - 51. Let n = j + o. What is the units digit of n?
5
Suppose 0 = 2*o + s - 6 - 3, 2*o - 3 = 5*s. Suppose 2*p - 163 = m - 2*p, -p = o*m + 567. What is the tens digit of (-1228)/(-22) - 26/m?
5
Suppose 0 = 2*g + 69 + 15. Let t = g + 43. What is the units digit of 1 - (-66 + 2 + t + -4)?
8
Let u = 45 + -25. Suppose 23*o - u*o = 0. Suppose -2*h + 4*h - 164 = o. What is the units digit of h?
2
Let a(b) = 677*b + 55. What is the hundreds digit of a(15)?
2
Let r be 42/(-14)*(-1 - 0). Suppose -4*x - 485 = -r*w, 2*x = -4*w - w + 765. What is the units digit of w?
5
Let a be -1 - ((-4 - 0) + 0 + 3). Let l(b) = a*b**2 - 125*b - b**2 + 101*b - 35. What is the units digit of l(-13)?
8
Let z = 85 - -218. Let j(x) = -477*x - 1. Let w be j(-2). Suppose -5*y = -w + z. What is the units digit of y?
0
Let n be (-362 - -3) + (-7)/((-7)/(-4)). Let k = n - -667. What is the units digit of k?
4
Let z(p) = -p**3 + 24*p**2 - 17*p - 40. Let c(l) = 4*l**2 + 7*l - 7. Let a be c(2). What is the tens digit of z(a)?
9
What is the thousands digit of (-1138)/(-4)*(2/(-7))/((-738)/10332)?
1
What is the units digit of ((-2)/3)/((-105422)/(-35142) + -3)?
7
Let p(s) = 10*s**2 + 14*s + 48. Let g be p(-10). Suppose -3*n - d + 1340 = d, -2*n + g = 5*d. What is the hundreds digit of n?
4
Suppose 34*h - 31284 = 56*h. Let p = -46 - h. What is the hundreds digit of p?
3
Suppose -4 = s, -p + 82 + 2986 = 4*s. What is the hundreds digit of p?
0
Suppose t + 5*l - 5377 = 0, -7*t + 4*t - 5*l = -16091. What is the thousands digit of t?
5
Let c = -109220 + 155424. What is the tens digit of c?
0
Let m be (148*(-1 - 0))/(-2). Let b be (3/6)/((-2)/(-56)). Suppose -m + b = -s. What is the u